6 a factor of 1492?
False
Is 100 a factor of 10088?
False
Is 15 a factor of 16031?
False
Does 7 divide 3411?
False
Is 4 a factor of 805?
False
Is 12950 a multiple of 37?
True
Does 26 divide 5356?
True
Does 14 divide 1932?
True
Does 466 divide 21042?
False
Does 268 divide 35108?
True
Does 30 divide 65022?
False
Is 1113 a multiple of 4?
False
Does 38 divide 9772?
False
Is 23 a factor of 1426?
True
Is 102 a factor of 14682?
False
Does 11 divide 297?
True
Is 5 a factor of 1910?
True
Is 6 a factor of 17942?
False
Does 23 divide 138?
True
Is 9 a factor of 333?
True
Does 115 divide 51290?
True
Is 164 a factor of 4247?
False
Is 6435 a multiple of 95?
False
Does 22 divide 1892?
True
Is 148 a factor of 52836?
True
Does 28 divide 174?
False
Is 6 a factor of 66?
True
Is 54 a factor of 932?
False
Does 50 divide 1450?
True
Is 33 a factor of 429?
True
Is 18011 a multiple of 225?
False
Is 10 a factor of 40710?
True
Is 28056 a multiple of 56?
True
Is 35 a factor of 7868?
False
Is 16161 a multiple of 12?
False
Is 52 a factor of 9828?
True
Does 122 divide 20618?
True
Is 940 a multiple of 47?
True
Is 587 a multiple of 187?
False
Is 30 a factor of 29640?
True
Does 4 divide 125?
False
Is 554 a multiple of 78?
False
Is 27 a factor of 3672?
True
Does 83 divide 7232?
False
Is 52 a factor of 676?
True
Does 60 divide 360?
True
Is 7285 a multiple of 14?
False
Is 113 a factor of 31670?
False
Is 5196 a multiple of 5?
False
Is 31784 a multiple of 8?
True
Is 3812 a multiple of 84?
False
Is 56 a factor of 4088?
True
Does 119 divide 4165?
True
Is 5923 a multiple of 15?
False
Is 22 a factor of 198?
True
Is 16 a factor of 7264?
True
Is 539 a multiple of 6?
False
Is 95167 a multiple of 59?
True
Is 146195 a multiple of 15?
False
Does 4 divide 118?
False
Does 17 divide 27451?
False
Is 26 a factor of 1821?
False
Does 3 divide 530?
False
Does 35 divide 280?
True
Does 13 divide 11557?
True
Does 13 divide 52026?
True
Is 18 a factor of 990?
True
Is 37 a factor of 555?
True
Does 50 divide 300?
True
Is 12 a factor of 794?
False
Does 40 divide 127?
False
Is 20 a factor of 158?
False
Is 2118 a multiple of 6?
True
Is 18 a factor of 486?
True
Does 3 divide 2382?
True
Is 15 a factor of 15?
True
Is 71 a factor of 2565?
False
Is 6 a factor of 631?
False
Is 112 a multiple of 2?
True
Is 165 a factor of 36418?
False
Is 724 a multiple of 10?
False
Is 1088 a multiple of 34?
True
Does 30 divide 138?
False
Does 49 divide 22589?
True
Does 33 divide 238?
False
Does 2 divide 347?
False
Does 8 divide 1210?
False
Is 5586 a multiple of 42?
True
Is 14 a factor of 51814?
True
Is 51 a factor of 8315?
False
Does 161 divide 9176?
False
Is 25 even?
False
Does 220 divide 74580?
True
Is 640 a multiple of 40?
True
Is 10 a factor of 150?
True
Does 53 divide 265?
True
Is 14 a factor of 10004?
False
Is 659 a multiple of 68?
False
Is 155412 a multiple of 15?
False
Is 15299 a multiple of 12?
False
Is 12600 a multiple of 168?
True
Is 1681 a multiple of 2?
False
Does 13 divide 676?
True
Is 96 a multiple of 26?
False
Is 44 a factor of 3828?
True
Does 166 divide 78020?
True
Does 11 divide 716?
False
Is 968 a multiple of 13?
False
Is 475 a multiple of 5?
True
Does 223 divide 5352?
True
Is 41429 a multiple of 116?
False
Is 4 a factor of 8172?
True
Does 21 divide 5174?
False
Is 925 a multiple of 19?
False
Is 5 even?
False
Is 1565 a multiple of 65?
False
Does 6 divide 664?
False
Does 27 divide 456?
False
Is 168 a multiple of 9?
False
Is 37 a factor of 4984?
False
Is 4127 a multiple of 53?
False
Does 7 divide 1022?
True
Is 12670 a multiple of 18?
False
Is 261 a multiple of 12?
False
Is 134 a factor of 1562?
False
Is 9 a factor of 450?
True
Is 180 a factor of 6840?
True
Does 16 divide 11408?
True
Is 1035 a multiple of 15?
True
Does 38 divide 227?
False
Does 2 divide 1281?
False
Does 41 divide 3116?
True
Is 12 a factor of 579?
False
Does 19 divide 931?
True
Is 104 a factor of 19821?
False
Is 12 a factor of 665?
False
Is 3 a factor of 158?
False
Is 1758 a multiple of 77?
False
Does 8 divide 944?
True
Is 3 a factor of 7302?
True
Is 340 a multiple of 40?
False
Is 246 a factor of 96678?
True
Is 84 a factor of 15072?
False
Does 19 divide 3196?
False
Is 15 a factor of 6749?
False
Is 34099 a multiple of 13?
True
Is 604 a multiple of 4?
True
Is 3697 a multiple of 36?
False
Does 68 divide 2040?
True
Is 6391 a multiple of 21?
False
Does 9 divide 2574?
True
Does 4 divide 1708?
True
Is 89 a factor of 2848?
True
Is 1088 a multiple of 16?
True
Does 15 divide 77229?
False
Does 20 divide 271?
False
Is 1946 a multiple of 83?
False
Is 4 a factor of 348?
True
Is 4 a factor of 112?
True
Is 13 a factor of 3482?
False
Is 3439 a multiple of 7?
False
Does 3 divide 87?
True
Is 52173 a multiple of 341?
True
Is 1100 a multiple of 11?
True
Is 29 a multiple of 7?
False
Is 58 a factor of 557?
False
Does 94 divide 1213?
False
Does 67 divide 1273?
True
Is 5137 a multiple of 11?
True
Does 13 divide 390?
True
Is 5406 a multiple of 53?
True
Is 14 a factor of 28345?
False
Is 35 a factor of 2345?
True
Is 9893 a multiple of 70?
False
Is 540 a multiple of 4?
True
Is 523 a multiple of 81?
False
Is 19 a factor of 24149?
True
Is 4 a factor of 218?
False
Is 8256 a multiple of 43?
True
Does 3 divide 17915?
False
Is 24 a factor of 2424?
True
Does 11 divide 319?
True
Does 13 divide 25610?
True
Is 6 a factor of 3570?
True
Does 2 divide 6203?
False
Is 56 a factor of 17920?
True
Is 850 a multiple of 14?
False
Does 10 divide 2140?
True
Is 2471 a multiple of 91?
False
Is 13149 a multiple of 27?
True
Does 60 divide 2035?
False
Is 131 a factor of 524?
True
Is 11 a factor of 2271?
False
Is 22 a factor of 374?
True
Does 13 divide 1488?
False
Does 39 divide 14391?
True
Is 267 a factor of 22083?
False
Is 16 a factor of 66400?
True
Is 28 a factor of 900?
False
Is 60 a factor of 840?
True
Is 46 a factor of 8418?
True
Is 38 a multiple of 4?
False
Does 5 divide 5755?
True
Is 8 a factor of 19272?
True
Is 42 a factor of 1638?
True
Is 1419 a multiple of 27?
False
Does 31 divide 4436?
False
Is 18370 a multiple of 27?
False
Does 6 divide 947?
False
Is 17 a factor of 691?
False
Does 15 divide 2189?
False
Does 12 divide 1149?
False
Is 24 a factor of 360?
True
Is 2304 a multiple of 12?
True
Is 179 a factor of 33274?
False
Is 63 a factor of 9994?
False
Does 101 divide 1212?
True
Is 5382 a multiple of 3?
True
Is 2081 a multiple of 82?
False
Is 50662 a multiple of 195?
False
Is 24 a factor of 214?
False
Is 121 a factor of 15851?
True
Is 13444 a multiple of 170?
False
Is 119 a factor of 70091?
True
Is 9 a factor of 269?
False
Does 139 divide 2897?
False
Is 2 a factor of 30?
True
Is 7 a factor of 30471?
True
Is 12143 a multiple of 11?
False
Is 7600 a multiple of 70?
False
Is 13 a factor of 481?
True
Is 12240 a multiple of 30?
True
Is 594 a multiple of 66?
True
Does 8 divide 3888?
True
Is 24 a factor of 30403?
False
Is 157 a multiple of 2?
False
Is 34 a factor of 11321?
False
Is 119301 a multiple of 312?
False
Is 439 a multiple of 38?
False
Does 12 divide 984?
True
Does 35 divide 7140?
True
Does 3 divide 1334?
False
Does 9 divide 981?
True
Is 30 a factor of 420?
True
Is 7 a factor of 26?
False
Is 957 a multiple of 87?
True
Is 6414 a multiple of 10?
False
Is 2506 a multiple of 179?
True
Is 8 a factor of 176?
True
Is 20 a factor of 3800?
True
Does 35 divide 595?
True
Is 3 a factor of 20076?
True
Is 3460 a multiple of 28?
False
Is 30169 a multiple of 81?
False
Is 14 a factor of 882?
True
Is 18 a factor of 28098?
True
Is 48 a factor of 6933?
False
Is 10 a factor of 56?
False
Is 19 a factor of 50559?
True
Does 114 divide 8364?
False
Is 3205 a multiple of 14?
False
Does 41 divide 85892?
False
Is 4033 a multiple of 55?
False
Does 10 divide 2040?
True
Does 12 divide 312?
True
Does 10 divide 17215?
False
Is 22 a factor of 6578?
True
Does 37 divide 22052?
True
Is 3574 a multiple of 13?
False
Is 10 a factor of 1248?
False
Is 85 a factor of 2650?
False
Does 13 divide 18943?
False
Is 3 a factor of 249?
True
Is 8520 a multiple of 90?
False
Does 9 divide 1107?
True
Is 29 a factor of 11342?
False
Is 42 a factor of 41832?
True
Is 19193 a multiple of 9?
False
Does 5 divide 495?
True
Does 15 divide 15612?
False
Does 10 divide 18460?
True
Does 31 divide 744?
True
Is 82 a multiple of 40?
False
Does 250 divide 42529?
False